alculate the greatest common factor of t and u.
9
Let b = 18 - 9. What is the greatest common factor of 1 and b?
1
Suppose 230 = 2*q + 62. What is the highest common divisor of 56 and q?
28
Suppose -5*o = -12*o + 784. What is the highest common divisor of 14 and o?
14
Suppose l - 64 = -5*o, -66 - 174 = -3*l - 3*o. Calculate the greatest common factor of 12 and l.
12
Suppose -g + 104 = 2*s, -4*g + 35 = 4*s - 165. What is the greatest common factor of 81 and s?
27
Let t(k) = -k**3 - 4*k**2 - k - 3. Let h be t(-5). Let a be 2 - ((-30)/2 - 1). Calculate the greatest common divisor of h and a.
9
Let m be 24/1*6/(-9). Let s = m + 24. Calculate the highest common divisor of s and 8.
8
Suppose 0 = -n - 5 - 0, 2*t = n + 9. Let p = t + -1. Calculate the greatest common divisor of p and 9.
1
Let j be (-63)/6*((-2)/(-3) - 2). What is the greatest common divisor of 98 and j?
14
Let o be 3 - 795/(-5) - -6. What is the highest common divisor of o and 21?
21
Let i = -1 - 5. Let m be (-4)/(16/10)*i. What is the greatest common divisor of 5 and m?
5
Let p = -88 - -94. What is the greatest common factor of 174 and p?
6
Let z(q) = -q**2 + 3*q + 4. Let r be z(3). Let s be (12/(-1))/(3/(-3)). Suppose x = s + 8. What is the greatest common factor of x and r?
4
Let s(j) = 2*j**2 - 7*j - 1. Let l be s(4). Calculate the greatest common divisor of 12 and l.
3
Let x(w) = -49*w - 1. Let r be x(-1). Suppose -4*d = -119 + 27. Let n = -11 + d. Calculate the greatest common factor of n and r.
12
Let q(u) = u**3 + 2*u**2 - 2*u - 2. Let j be q(-2). Suppose -4 = -2*h + 3*s, 3*s = 5*h + 4*s - 10. Calculate the greatest common factor of j and h.
2
Suppose 4*q = 5*z + 12, 0 = -4*q - 2*z + 4*z + 24. Calculate the highest common divisor of q and 24.
8
Suppose 12*j = 15*j - 171. What is the greatest common divisor of 3 and j?
3
Suppose 5*l + 4*z - 32 = 0, 8 = 3*l + 2*l - 4*z. Let i be 4/(-2) + 256 - -2. Suppose 0*f = l*f - i. What is the highest common factor of 8 and f?
8
Suppose 7 = 2*p + 5. Let z = p + 2. What is the greatest common factor of 3 and z?
3
Suppose -5*j - 11 + 51 = 0. Suppose -12 - j = -2*v. What is the highest common factor of v and 10?
10
Suppose c - 5 = -2*i + 2*c, 2*i = -c + 15. Suppose i*r - 12 = 2*r. Calculate the greatest common divisor of 4 and r.
4
Suppose 4*i = -115 - 1965. Let p = -20 - -5. Let j be i/p - (-1)/3. Calculate the highest common factor of 7 and j.
7
Let i be 46/12 + (-3)/(-18). Let d(f) = f**3 + 6*f**2 + 5*f. Let y be d(-5). Suppose r - 1 = -y*r. Calculate the greatest common divisor of r and i.
1
Suppose 3*q - 4*f = 52, -5*q - 19 = -f - 83. Calculate the highest common factor of 36 and q.
12
Suppose 5*s - z - 333 = 90, -4*s + 5*z + 351 = 0. Let y(v) = 3*v - 15. Let b be y(9). Calculate the highest common divisor of b and s.
12
Let n(d) = -3*d + 25. Let z be n(6). Calculate the highest common divisor of 28 and z.
7
Let t(b) = b - 4. Let g be t(4). Suppose -q = -g*q. Suppose -2*j = x - 7, 4*j - 2*x + q = 18. What is the highest common factor of 4 and j?
4
Let a = -7 - -36. Let w = a + -18. What is the highest common factor of 11 and w?
11
Suppose -2*t = -t - 31. Suppose 24 = w - t. Suppose -45 = 10*q - 19*q. What is the highest common factor of w and q?
5
Suppose -2 + 3 = w. Let o be 5/(10/12) + 1. Calculate the greatest common divisor of o and w.
1
Let v = 1867 - 1113. Suppose 5*x + 154 = v. Calculate the highest common factor of 12 and x.
12
Let h(f) = 5*f**2 - 4 + 3 + 7 - f**2 + 10*f. Let s be h(-6). What is the greatest common divisor of 10 and s?
10
Suppose 0 = -2*w + r + 27, 5*w - 4*r - 82 + 10 = 0. Calculate the highest common factor of 3 and w.
3
Suppose 0 = 10*c + 199 - 619. Calculate the greatest common divisor of c and 42.
42
Suppose -14*d + 180 = -4*d. What is the greatest common factor of d and 81?
9
Suppose -6 = 2*v - 8. Calculate the highest common divisor of v and 7.
1
Suppose -152 = -5*y + 3*x, 0*y - 3*x + 72 = 3*y. What is the greatest common factor of 84 and y?
28
Let x(k) be the second derivative of k**3/3 + 29*k**2/2 + 4*k. Let g be x(-12). Let l = 68 + -43. Calculate the highest common factor of g and l.
5
Let g(p) = 4*p + 3. Let f(j) = -5*j - 4. Let q(y) = -6*f(y) - 7*g(y). Let h be q(3). Let m = h + 15. What is the greatest common divisor of 36 and m?
12
Let x(z) = 3*z + 5 - 2 - 2*z. Let r be x(6). Suppose 2*s - 3*b = -0*b + 1, r = 3*s - 2*b. Calculate the highest common divisor of s and 55.
5
Suppose 5*i = a + 594, -5*i - 4*a = -2*a - 597. Calculate the highest common factor of 17 and i.
17
Suppose -4*s + 134 = 3*n, n + 5*s - 130 = -2*n. Calculate the greatest common factor of 20 and n.
10
Suppose -2*w + 4 = -p, -12 = -3*p + p - w. Let y(f) = -f**3 + 5*f**2 - 2*f + 3. Let u be y(p). Calculate the highest common divisor of 88 and u.
11
Let s be -1*-7*2*5. Suppose -6*o + s = -o. What is the greatest common divisor of o and 21?
7
Suppose -5*j + 59 - 29 = 0. Calculate the highest common factor of 6 and j.
6
Suppose -2*b + 375 = 23. What is the highest common divisor of 16 and b?
16
Suppose 2*j = 5*z - 0*j, 0 = -2*z + 5*j. Let d(k) = -k + 20. Let w be d(z). Let m = w + 8. What is the greatest common factor of m and 42?
14
Let t(o) = 2*o - 1. Let i be (0 - (-16)/(-10))*-5. Let l be t(i). Calculate the greatest common factor of 10 and l.
5
Let n(b) = 2*b**2 + 8*b - 3. Let r be n(-6). Suppose r = 4*y + 3*m, -2*y + 0*m + 5*m + 17 = 0. What is the highest common factor of y and 42?
6
Suppose -4 = w - 7. What is the highest common divisor of 24 and w?
3
Let v(g) = 5*g + 4 - 3 - 2. Let q be v(5). Calculate the greatest common factor of 16 and q.
8
Let q be 11/(1*(-2)/(-4)). Calculate the greatest common factor of q and 176.
22
Suppose 5*z + 65 = 10*z. What is the highest common divisor of z and 104?
13
Let h be 2 - (-28)/(-12) - 1145/(-15). What is the greatest common divisor of 95 and h?
19
Let a be 50/4*(-48)/(-60). What is the greatest common divisor of 25 and a?
5
Let x = 299 - 198. Suppose 2*f + 2*f = -2*y + 204, y + f - x = 0. What is the greatest common factor of 20 and y?
20
Let h = 11 + 15. Let x = 39 + -81. Let d = -3 - x. What is the highest common divisor of d and h?
13
Let k(y) = -2 + 5 - 4*y + 3*y - 2*y. Let x be k(2). Let u be (112 - x)*(-4)/(-10). Calculate the greatest common factor of u and 69.
23
Suppose -5*v - 5 = 0, 4*r - 4*v - 89 = -3*v. Let j be (-4*77/84)/((-2)/18). What is the highest common factor of j and r?
11
Suppose -60 = -3*y - 39. Let j be (-110)/(-8) + (-2)/(-8). What is the highest common divisor of y and j?
7
Let i(z) = -4*z - 6. Let u be i(-7). Suppose 0 = 2*j - u - 12. What is the highest common factor of 136 and j?
17
Let p = 56 + -32. Calculate the greatest common divisor of p and 3.
3
Let n(p) = p**2 + 4. Let f be n(0). What is the greatest common divisor of f and 4?
4
Let l be -1 - (-510)/5 - -3. Calculate the highest common factor of l and 13.
13
Let w = 65 - 61. What is the greatest common factor of 4 and w?
4
Suppose -16 = 4*p - 8*p. Let o(q) = q - 2. Let c be o(-5). Let d = c + 11. Calculate the greatest common factor of d and p.
4
Suppose -11 - 1 = 3*q. Let p be (-3)/(-12) + 17/q. Let u be (-239)/(-4) + (-1)/p. What is the greatest common divisor of 6 and u?
6
Suppose 3*m - m - 10 = 0. Suppose 43 - 118 = -5*v. What is the greatest common factor of m and v?
5
Let c be (-492)/(-9) - 24/36. Calculate the highest common factor of c and 6.
6
Let l be -3 + 2 - (-7 - 1). Calculate the greatest common factor of 7 and l.
7
Suppose 0*i - 5*i + 25 = 0, -2*g + 970 = 2*i. Let m = -260 + g. What is the greatest common divisor of 20 and m?
20
Let m(i) = -i**3 - 5*i**2 - 5*i + 6. Let j be m(-6). Let n = 30 - j. Let w be (-12)/9*n/4. What is the highest common factor of 126 and w?
14
Suppose 6*c - 56 = 28. Suppose -84 - 140 = -2*i. What is the highest common factor of i and c?
14
Suppose -4*s - 139 = -363. Calculate the greatest common factor of s and 7.
7
Let i be ((-220)/(-60))/((-2)/(-6)). Suppose 2*r + 11 = 77. Let a be r/2*2/3. What is the greatest common factor of a and i?
11
Let y be (-56384)/(-352) + (-4)/22. What is the greatest common divisor of y and 20?
20
Let s be (-1 + 15/9)*6. Let x(l) = 32*l**2 + l + 1. Let v be x(-1). What is the highest common factor of s and v?
4
Let j(i) = 26*i - 